. Determine x(2).
-9
Let u(l) = -339*l + 69158. Give u(204).
2
Let n(h) = -16489*h + 527632. Calculate n(32).
-16
Let g(a) = 87*a - 10542. What is g(119)?
-189
Let q(x) = -x**3 + 6*x**2 + 311*x - 2998. Determine q(11).
-182
Let b(s) = -s**3 - 14*s**2 + 88*s + 626. Give b(-17).
-3
Let w(a) = a**2 - 1784*a - 82295. Calculate w(-45).
10
Let x(o) = -o**3 + 58*o**2 + 389*o - 158. What is x(64)?
162
Let g(b) = -3*b**2 - 1721*b + 5175. Calculate g(3).
-15
Let l(f) = -10*f**2 - 3562*f + 2850. Give l(-357).
-6
Let d(y) = 15*y**3 + 93*y**2 - 1473*y - 8939. What is d(-6)?
7
Let i(w) = -30*w**2 - 397*w - 206. Determine i(-13).
-115
Let w(i) = -6*i**2 - 113*i + 27544. What is w(59)?
-9
Let h(g) = 1495*g - 991. Give h(1).
504
Let u(h) = 9726*h - 74932. Give u(8).
2876
Let h(b) = -b**2 + 673*b - 10295. What is h(16)?
217
Let a(s) = 2*s**2 - 2549*s + 10158. Give a(4).
-6
Let q(c) = 1028*c + 52213. What is q(-51)?
-215
Let n(i) = 5*i**2 + 135*i - 668. What is n(5)?
132
Let d(v) = 16313*v + 15773. Determine d(-1).
-540
Let w(q) = 469*q - 20162. Determine w(44).
474
Let k(q) = -q**2 - 500*q - 60990. Calculate k(-211).
-11
Let q(y) = -933*y**2 - 7454*y - 9. Calculate q(-8).
-89
Let j(c) = -2*c**3 + 91*c**2 + 139*c + 98. Give j(47).
4
Let b(i) = -5*i**2 + 18*i + 567. Determine b(-9).
0
Let t(l) = -278*l**2 + 119241*l + 9009. Calculate t(429).
0
Let c(f) = 143*f**3 - 4863*f**2 + 124*f - 3044. What is c(34)?
16
Let r(y) = y**3 - 276*y**2 - 19*y + 5238. Calculate r(276).
-6
Let k(j) = j**3 - 20*j**2 - 221*j + 3177. Determine k(10).
-33
Let a(i) = -2*i**3 + 7*i**2 + 284*i - 907. Calculate a(3).
-46
Let k(x) = -219*x**3 + 2411*x**2 - 17*x - 55. Give k(11).
0
Let o(c) = c**2 - 2706*c - 13513. Give o(-5).
42
Let h(d) = 3*d**3 - 21*d**2 - 264*d + 1920. Determine h(8).
0
Let i(o) = -5*o**2 - 408*o + 3808. What is i(-90)?
28
Let y(z) = 543*z - 13693. Determine y(20).
-2833
Let j(l) = -59094*l + 413649. Determine j(7).
-9
Let h(a) = a**2 + 1597*a + 139828. Determine h(-93).
-44
Let n(p) = p**2 - 4902*p - 358128. Give n(-72).
0
Let q(p) = p**3 + 52*p**2 + 626*p - 577. Calculate q(-24).
527
Let o(y) = -33754*y - 10024931. Calculate o(-297).
7
Let o(s) = -708*s + 41359. Determine o(57).
1003
Let c(y) = 149*y**2 + 90*y + 306. Calculate c(-3).
1377
Let y(s) = -10*s**2 - 103*s + 213. What is y(-25)?
-3462
Let d(y) = 1033*y - 183075. Calculate d(177).
-234
Let o(k) = -692*k - 609656. Calculate o(-881).
-4
Let r(z) = -399*z - 143. Calculate r(-2).
655
Let q(j) = 198702*j - 2980474. Give q(15).
56
Let c(m) = m**3 - 3*m**2 - 1875*m + 9421. Determine c(5).
96
Let m(u) = u**3 + 480*u**2 + 1450*u + 54. Calculate m(-3).
-3
Let o(b) = -33*b**3 - 3*b**2 - 16*b - 12. What is o(-1)?
34
Let d(i) = -i**3 - 3*i**2 + 66*i - 226. What is d(-9)?
-334
Let r(x) = 18*x**3 - 309*x**2 + 40*x + 170. Determine r(17).
-17
Let h(m) = -31224*m + 468740. Give h(15).
380
Let q(h) = 4*h**3 - 30*h**2 + 246*h - 2124. Determine q(8).
-28
Let a(h) = -42531*h - 2551852. Determine a(-60).
8
Let o(a) = 11*a**3 + 1370*a**2 + 2089*a - 267. Determine o(-123).
-21
Let x(n) = 34*n**3 + 210*n**2 - 154*n + 275. Give x(-7).
-19
Let f(x) = 2828*x**2 - 45233*x - 235. Calculate f(16).
5
Let a(f) = -2120*f + 31843. Determine a(15).
43
Let w(f) = f**2 + 4*f + 1385. Determine w(16).
1705
Let r(z) = 3*z**3 - 849*z**2 + 8188*z + 525. What is r(273)?
-21
Let w(v) = -258*v - 62554. Calculate w(-243).
140
Let u(g) = 2360*g + 480767. Give u(-204).
-673
Let z(h) = 732*h**2 + 10977*h + 25. Calculate z(-15).
70
Let i(d) = -d**3 - 93*d**2 + 193*d + 313. What is i(-95)?
28
Let l(t) = 6*t**2 - 449*t - 12205. Determine l(96).
-13
Let q(j) = -j**3 - 5*j**2 + 11*j - 25. What is q(0)?
-25
Let q(l) = 12136*l - 97035. What is q(8)?
53
Let g(r) = -r**3 - 84*r**2 - 4*r + 36107. What is g(-78)?
-85
Let m(b) = 136*b - 3629. Calculate m(25).
-229
Let g(f) = 368*f**2 + 56303*f - 124. Calculate g(-153).
29
Let j(o) = 27*o**3 + 9096*o**2 - 1005*o + 2000. What is j(-337)?
-22
Let f(s) = -6*s**2 + 59*s - 265. Give f(5).
-120
Let g(n) = 240*n**2 + 1694*n - 3. Give g(-7).
-101
Let p(c) = -41946*c - 251844. Determine p(-6).
-168
Let q(y) = 4030*y + 76171. Give q(-19).
-399
Let j(h) = 2*h**2 + 33*h - 129. Determine j(0).
-129
Let r(m) = m**2 - 1204*m - 878585. Calculate r(-512).
7
Let b(z) = z**2 - 2708*z + 56832. What is b(21)?
405
Let v(w) = 31*w**2 - 17797*w - 309690. What is v(591)?
-6
Let s(d) = 36*d**2 + 558*d - 120. Calculate s(-19).
2274
Let d(s) = -140*s**3 + 9*s**2 - 187*s - 389. Calculate d(-2).
1141
Let o(g) = -261*g**2 + 120*g + 5923. What is o(5)?
-2
Let t(d) = -2*d**2 + 560*d + 7937. Calculate t(294).
-295
Let z(s) = 307*s - 1197. Give z(5).
338
Let s(i) = i**2 + 311*i + 23215. Give s(-186).
-35
Let j(h) = -198128*h - 8915759. Calculate j(-45).
1
Let s(u) = 76*u + 15. Calculate s(4).
319
Let n(l) = -98037*l + 24313171. Give n(248).
-5
Let v(j) = 1404*j + 57578. Determine v(-41).
14
Let i(d) = 45*d**2 - 113*d - 128. Calculate i(6).
814
Let s(w) = -482*w**3 - 35*w**2 + w - 53. What is s(0)?
-53
Let s(y) = -418*y - 59482. Give s(-141).
-544
Let v(p) = -311*p**2 + 110713*p + 301. Determine v(356).
-767
Let i(l) = 18*l**2 - 859*l - 2013. Calculate i(50).
37
Let j(k) = -152560*k - 457671. What is j(-3)?
9
Let n(p) = 8612*p - 34526. Give n(4).
-78
Let h(b) = 2632*b - 18643. Give h(7).
-219
Let y(c) = 295*c - 92079. What is y(311)?
-334
Let b(j) = -4*j**2 + 162*j - 2646. Give b(38).
-2266
Let n(r) = -2249*r - 65317. What is n(-29)?
-96
Let h(a) = 614*a + 3652. Determine h(-1).
3038
Let v(h) = h**2 + 586*h - 46536. Determine v(71).
111
Let i(g) = -80*g - 6702. Calculate i(-86).
178
Let x(m) = -3861*m + 68. Determine x(0).
68
Let g(o) = -2*o**3 - 156*o**2 - 1444*o - 5718. Determine g(-68).
-6
Let u(b) = -20160*b + 1108794. Calculate u(55).
-6
Let n(q) = -144*q**3 - 142*q**2 + 190*q + 183. Give n(-1).
-5
Let b(g) = -22*g**2 - 1620*g + 11390. Give b(7).
-1028
Let s(m) = 68*m**2 - 5026*m - 20111. Calculate s(-4).
1081
Let d(p) = -9*p**2 - 56343*p + 56344. What is d(1)?
-8
Let n(q) = q**3 - 534*q**2 - 173736*q - 12. What is n(-228)?
-12
Let p(c) = c**3 + 44*c**2 + 314*c + 4783. What is p(-39)?
142
Let k(u) = -4*u**2 - 1295*u + 22095. Calculate k(-340).
-5
Let v(h) = -h**3 - 48*h**2 + 316*h - 11. Determine v(6).
-59
Let y(m) = -m**3 + 18*m**2 - 117*m + 331. Determine y(5).
71
Let i(c) = -3*c**2 - 1090*c - 58253. What is i(-298)?
155
Let n(u) = -u**2 - 703*u - 116847. Calculate n(-272).
385
Let b(l) = l**3 + 26*l**2 + 141*l + 3643. Give b(-26).
-23
Let p(o) = -331657*o + 3648230. Calculate p(11).
3
Let q(c) = -9*c**3 - 449*c**2 + 73*c + 1144. What is q(-50)?
-6
Let i(c) = -2*c**3 + 34*c**2 + 260*c - 4666. Determine i(13).
66
Let y(n) = n**2 - 53*n + 44. Give y(41).
-448
Let l(s) = 12*s**3 + 4*s**2 + 42*s - 48. What is l(5)?
1762
Let m(t) = -2*t**2 - 59*t + 966. What is m(-50)?
-1084
Let o(z) = 4312*z - 38834. Give o(9).
-26
Let t(g) = -2265*g - 353353. Calculate t(-156).
-13
Let b(i) = -11444*i - 21606269. Determine b(-1888).
3
Let c(m) = -4*m**3 + 164*m**2 + 1466*m - 31. What is c(-8)?
785
Let k(h) = -h**2 - 352368*h - 1409478. Give k(-4).
-22
Let c(k) = -k**2 + 15*k - 200. Determine c(9).
-146
Let l(a) = -3392*a + 627540. Determine l(185).
20
Let j(p) = 2468*p**2 + 128337*p + 53. Determine j(-52).
1
Let n(a) = -40*a**2 + 894*a + 445. Calculate n(22).
753
Let x(d) = -1448*d + 207071. Give x(143).
7
Let l(s) = 121*s - 9201. Determine l(75).
-126
Let r(a) = -a**3 - 3*a**2 - 31*a + 24. What is r(1)?
-11
Let r(v) = -24*v**2 + 1656*v + 135. Give r(69).
135
Let y(o) = 3633*o + 105368. Give y(-29).
11
Let l(m) = -289*m - 21922. Calculate l(-76).
42
Let b(r) = 12*r**2 - 1444*r + 16130. Give b(11).
1698
Let r(l) = -30610*l + 1897825. Calculate r(62).
5
Let s(d) = 11069134*d - 55345666. Calculate s(5).
4
Let z(k) = k**3 - 25*k**2 + 138*k + 174. Calculate z(20).
934
Let u(d) = -2586*d - 7730. What is u(-3)?
28
Let t(c) = -190419*c + 1142513. What is t(6)?
-1
Let u(j) = 10*j**2 + 4010*j + 382195. Calculate u(-245).
-5
Let b(r) = -6200*r**2 + 6144*r + 3. Determine b(1).
-53
Let i(n) = -n**3 - 29*n**2 + 299*n - 717. Calculate i(5).
-72
Let s(f) = -f**2 + 307*f - 23378. What is s(153)?
184
Let y(o) = -o**3 + 4*o**2 + 28036*o - 140151. What is y(5)?
4
Let a(b) = 3*b**2 + 21